.
2
Evaluate (-28 - -11 - -16) + (9 - -2).
10
Evaluate 67 + -62 - (0 + 0 + -1).
6
What is 4 - ((-4 - -1) + 3 + 7)?
-3
What is the value of (3 - (-3 - 0)) + -4?
2
What is (7 - 2) + -12 + 2?
-5
Calculate 8 + (-14 - -7) - -4.
5
What is the value of -1 - (32 + -33 - (-2 - 0))?
-2
-3 + 1 + -8 + 5
-5
(-2 + 17 - 3) + -57 + 51
6
Calculate (8 - 8) + 4 + -8.
-4
What is the value of -12 + 7 + -13 + 10?
-8
Evaluate 8 + (-15 - 3) + (1 - -3).
-6
Calculate 0 + 5 + (10 - 15).
0
What is the value of 5 - 6 - (-4 + -2)?
5
Calculate -8 + (3 - (-8 + 9)).
-6
Evaluate 7 - (-3 + 4 - -2).
4
Evaluate 7 + -11 - (1 + 0).
-5
Calculate -3 + 0 + 1 + (2 - -5).
5
Evaluate 11 + (0 - (1 - -3)).
7
What is 9 + 1 - (-9 - -16 - 2)?
5
Calculate 8 + 2 - (6 + 1 + -4).
7
What is 0 + (5 - 7) + -1?
-3
Evaluate 0 + 0 + (-5 + 17 - 7).
5
What is the value of 2 + -2 - ((0 - 1) + 4)?
-3
What is the value of (88 - 77) + 0 + -2?
9
What is the value of 2 + (-4 - -3) + (5 - 8)?
-2
1 + 2 - -1 - 7
-3
What is the value of -4 + 6 + -4 - -4?
2
What is (2 - (9 + -3 + 0)) + 5?
1
What is the value of 6 + (-3 - -2) - (0 - -4)?
1
What is the value of -3 - 2 - (9 - 18 - -4)?
0
What is the value of -1 + 1 + -3 + 13 - 5?
5
What is the value of 1 - 0 - (1 + -7 - -12)?
-5
5 - (2 + (-1 - -7) + -4)
1
(-1 - (-11 + 6)) + -4
0
What is -7 - (-12 - (9 + -12))?
2
-1 + 7 + -3 + -4
-1
3 + (-5 - -1) - (-7 - -2)
4
Evaluate 1 - (1 - (-1 + (2 - 2))).
-1
Calculate 2 - (4 + -2) - -2 - 7.
-5
Calculate (16 - 13) + (0 - -1 - 4).
0
What is 1 - 4 - (4 - 4 - -1)?
-4
Evaluate (-4 + -13 - -14) + 9.
6
What is the value of -6 + (-5 - (2 - 5)) + 13?
5
Calculate -3 + -3 + 3 + 2.
-1
Calculate 11 - (-1 + 7) - 5.
0
What is 16 + -12 - -1 - 3?
2
Evaluate 1 + (-1 - (-5 + (0 - -6))).
-1
(-1 - -1) + 2 - (-11 - -18)
-5
What is (4 - 0) + -7 + 0?
-3
Evaluate -3 - (10 - 0 - 5).
-8
(-3 - -6) + -8 - (13 - 25)
7
What is the value of 21 - (5 + 10) - (1 - 1)?
6
What is 1 - (-1 - -1 - (1 - 2))?
0
Calculate 2 + -1 - (4 - 0).
-3
What is -3 - ((-10 - -5) + 9)?
-7
What is (-14 - (1 - 15)) + -10?
-10
What is -4 - ((11 - 7) + (-1 - 2))?
-5
What is the value of -3 - (2 + (-6 - -10))?
-9
What is (-2 - 0) + (-1 - (-3 - 2))?
2
What is the value of 5 + -11 + (-1 - -6)?
-1
Evaluate 4 - (-1 + 5 + 0).
0
What is the value of -7 - (-4 + 4 + -5)?
-2
Calculate 4 - (-6 + 4 + 7).
-1
Evaluate -2 - -1 - (26 - 26).
-1
What is the value of (-1 - (6 + -3)) + 4 + 3?
3
What is the value of 5 + (2 - -6 - 10)?
3
What is the value of -4 + -4 + 9 + -4?
-3
Calculate -20 - -2 - -8 - (-2 - 1).
-7
Evaluate -2 + -2 + (8 - 2 - 3).
-1
Evaluate -1 + 4 + (4 - (1 - -3)).
3
What is 6 - (7 - (2 + -1) - 3)?
3
Evaluate -1 + (-5 - (-8 + 5)) - 1.
-4
Evaluate -2 - -3 - (4 - (2 + -2)).
-3
Evaluate -137 + 140 - (-6 - -1).
8
2 - 9 - (-19 + 11)
1
Evaluate -2 + 3 - (2 - (2 - 1)).
0
What is (9 - (-5 + 4)) + (5 - 8)?
7
Evaluate (0 + -2 - -5) + -6 + 5.
2
Calculate -2 + (0 - (-3 - -5)).
-4
Evaluate (-2 - -2 - 3) + (-13 - -6).
-10
What is the value of -3 - (8 + -7 - 9 - -6)?
-1
Evaluate 3 - (2 - 4 - -4).
1
Calculate -4 - (-2 - 6 - -8).
-4
(2 + 4 - 5 - 1) + 3
3
7 + -5 - 3 - -2
1
Evaluate (5 - 0) + 1 + -5.
1
Evaluate -19 + 12 + (1 - -11).
5
What is the value of -5 + 3 - -7 - 2?
3
What is the value of 1 - (3 + 3) - -4?
-1
Evaluate 3 + (-1 - 7 - -3) + 7.
5
What is 2 - (-1 + -1) - (9 - 4)?
-1
Calculate 1 + 1 + -6 + (6 - -4).
6
What is -1 - 0 - (30 - 28)?
-3
What is the value of -4 + 5 - (3 + 2)?
-4
What is -3 - (14 - 20 - -11)?
-8
What is the value of -2 - (-2 + 6) - -3?
-3
7 - (8 - (7 + -7))
-1
What is the value of 4 + 2 + (0 - (9 + -3))?
0
What is (-2 + 3 - 6) + 6 + 7?
8
What is the value of 2 + 1 - (16 - 5)?
-8
-2 + -2 + 12 + -4
4
What is the value of 6 - (10 - (-2 - -4))?
-2
4 - (-2 + 2 + 5) - -4
3
What is 0 + 7 - (55 - 52)?
4
Evaluate 6 - (1 + 3 + -6 - -1).
7
Calculate 0 + -2 + -15 + 13 + 2.
-2
What is the value of 4 - (2 + 0 + -3) - 5?
0
Evaluate -4 + (2 - -2) + -2 + 1.
-1
Calculate -1 + 5 + -1 + -11.
-8
6 + (-3 - 0) + 3 + -2
4
Evaluate 2 - 3 - -11 - 5.
5
What is -9 - (0 + -6 + -1)?
-2
What is the value of 16 + -4 + 1 - 6 - 5?
2
What is (-1 - 9 - -2) + 6?
-2
-1 + 1 - (7 + -1 + -4)
-2
Evaluate -23 + 20 - (-2 + 0).
-1
(1 - -2) + (3 - (10 + -9))
5
7 - (7 + 3 - -5)
-8
What is the value of 4 - 5 - 1 - (1 + -2)?
-1
What is the value of -2 + -7 - -1 - -6?
-2
4 - (-12 + 13 + -7)
10
What is -1 + -1 - (-13 - (-2 - 5))?
4
Evaluate -1 + 5 - (14 + -13).
3
53 + -54 - (-3 + -1 + 0)
3
Evaluate 0 + 3 + -2 + -4 - -5.
2
What is (5 - (4 + -2)) + -1?
2
Calculate -5 - -7 - (0 + 1) - 3.
-2
What is the value of -8 + -11 + 12 - -6?
-1
(-2 - -1) + (-4 - 2) + 2
-5
What is (1 - 2) + -2 + -4 + 4?
-3
What is the value of (-3 - -6) + (-3 - (0 - 1))?
1
What is the value of 0 + (-2 - (3 + -6)) + 2?
3
What is the value of -3 + (-9 - (-9 - 0)) + -6?
-9
Evaluate -14 - (-7 + -18 + 4).
7
What is the value of (2 - (0 - -2)) + -4?
-4
What is (1 - 2) + 1 + 2 + 0?
2
What is -1 - (4 - 10) - (-1 - -1)?
5
What is -9 + (23 - 16 - (2 + 4))?
-8
What is -3 - -6 - 5 - -2 - 3?
-3
What is the value of -2 + (4 - 0) + -6 + 2?
-2
Calculate -1 - 4 - (-2 + 2).
-5
What is the value of 2 - (-3 - -5 - 2) - 6?
-4
Calculate -1 + -1 + -2 + 0.
-4
Evaluate 3 - (-2 + 5 + (-5 - -3)).
2
(-1 - (-2 - 6)) + -7
0
Evaluate -5 + 3 + -12 + 19.
5
Calculate 1 + -1 + 3 + -7.
-4
What is -13 + -1 + (33 - 10)?
9
12 - 9 - (0 - -3)
0
0 - (8 + (5 - 10))
-3
-5 - (-9 - (3 + -9 - -1))
-1
What is the value of -4 - 4 - (1 - 2 - 2)?
-5
Calculate 10 + -12 - 8 - -6.
-4
What is the value of -4 + (24 - 15 - 12)?
-7
Calculate -2 - (2 + (0 - 5)).
1
Calculate -4 + -1 - (-8 + (11 - 8)).
0
Evaluate -14 + 8 - (-18 + 5).
7
What is -15 + 24 + (-3 - 3)?
3
-1 - (-7 - (-2 + -2 - -1))
3
What is the value of -5 + 4 + (-1 + 4 - 7)?
-5
3 + 0 - ((1 - -6) + -4)
0
What is 0 + 0 + 3 + -1 + 2?
4
Evaluate (2 - -3) + -8 - 0.
-3
What is (0 - -4) + (-10 - -12)?
6
What is the value of 3 + (3 - ((0 - -9) + -4))?
1
-6 + -4 + (4 - -11)
5
Calculate -4 - (-11 + 11 - (0 + -2)).
-6
Evaluate 5 + -2 + 2 + 0.
5
Evaluate 4 - 0 - (-15 + 5 + 9).
5
9 + -5 + (-12 - -19)
11
What is -5 + 1 + 7 + -3 + -2?
-2
Calculate (9 - 3) + (-7 - 2).
-3
Calculate 11 - ((-5 - 1) + 12).
5
(6 - 0 - 9) + 4
1
What is the value of -1 + 2 - (-10 - -10)?
1
Calculate ((0 - 4) + 8 - 1) + -3.
0
Evaluate -6 - (-2 - (6 + -2)).
0
What is (-5 - (-1 - -3 - 6)) + 4?
3
What is the value of (0 - 0) + (75 - 81)?
-6
Calculate 0 + (1 - (9 - 3)).
-5
-5 - ((0 - 6) + 1)
0
Evaluate 2 + (9 - 3) + (2 - 10).
0
What is 6 + 2 + (-3 - (-7 + 6))?
6
What is -3 + (1 + 2 + -4 - -1)?
-3
What is the value of 0 + -3 - (-3 - 2) - 1?
1
Evaluate 7 + 7 + -7 + -2.
5
Calculate 5 + (-2 - -1 - (-5 + 4)).
5
What is (-3 - (-3 + 5)) + 3?
-2
What is -6 + 4 + -6 + (3 - 1)?
-6
-7 + (4 + -8 - -6)
-5
-1 + 1 - ((6 - 10) + 7)
-3
5 + (0 - 3) - (-2 + 6)
-2
What is the value of (4 - (1 - 4)) + -11 - 2?
-6
-8 - -24 - 10 - 0
6
5 + 1 - 3 - -1
4
(-4 - -1) + (13 - 13)
-3
Calculate 0 - (1 - (10 - 7)).
2
What is the value of -11 - -14 - (2 + 0 - -2)?
-1
What is the value of 0 + 1 + 4 - 8?
-3
0 + 2 + 0 + -4 + 5
3
(2 - (5 + -5)) + 0
2
-7 + 0 - (15 - (-11 - -41))
8
-5 - (16 - 8 - 14)
1
-5 - ((-2 + -3 - -1) + 1)
-2
(-9 - (-3 + -4 - -2)) + -3
-7
12 + 3 + 3 + -10
8
Evaluate 2 + (-7 - -1) + 4.
0
What is the value of 12 - ((9 - 2) + 1)?
4
What is (2 + -1 - -1) + (-1 - -4)?
5
What is the value of 3 + (-7 + 7 - (1 + -7))?
9
Calculate -1 - (0 + 5 + -7) - 1.
0
Calculate (183 - 187) + -1 + 14.
9
What is the value of -4 + 5 + -5 + 2?
-2
Evaluate 3 + -4 + 3 + 2.
4
(0 - -2) + -3 + -4
-5
Evaluate 2 - 2 - (5 - 11).
6
-2 - (8 + -2 + -2 + -10)
4
What is -8 - -15 - 16 - (-7 + 1)?
-3
What is -14 + (-8 - -5 - (-1 - 9))?
-7
Evaluate 4 - 0 - (1 - (3 + -3)).
3
-1 + -2 + 2 + 7 + -4
2
Evaluate 1 + 0 + -2 + -2 - 0.
-3
Evaluate 5 + -3 - 5 - -2.
-1
What is the value of (-17 - -14) + (7 - 1 - 1)?
2
What is the value of 3 - ((2 - (0 - -3)) + -1)?
5
13 + 0 + -6 - 7
0
What is -9 + (5 - -3) + -4?
-5
What is the value of 4 + (0 - -6 - (4 - -1))?
5
Calculate (51 - 59) + (19 - 3) + 0.
8
What is -6 - ((-2 - 6) + 6)?
-4
-3 - (7 + (-6 - -1) + 4)
-9
2 + (-2 + -2 - 0)
-2
What is -1 - 1 - (-32 + 15 + 5)?
10
Calculate (-46 - -52) + (-4 - 2).
0
Evaluate 5 + -1 + (-2 - 3).
-1
What is 1 - 0 - ((-26 - -16) + 13)?
-2
Evaluate 3 + -6 + -2 + 1.
-4
Evaluate (1 - -3) + -4 +